5. Let a(i) = -6*b(i) - 13*w(i). Is a(5) a composite number?
True
Let w be ((-2)/(-4) - 0)*8. Suppose -4*k = -5*q - 50, -4*k + 8*k = -w*q - 76. Is 4/q - (-3582)/42 prime?
False
Suppose -17 = 3*t - 4*v, -2*t + 5 = 2*v + 21. Let s = 12 + t. Suppose -4*r - 4*w + 80 = 0, -s*r + w + 2*w + 108 = 0. Is r a prime number?
False
Let d(b) = -b**2 - 4. Let w be d(0). Is w/8*-122 - 3 a composite number?
True
Let u(m) = -2*m - 6. Let f(d) = 5*d + 18. Let a(v) = 3*f(v) + 8*u(v). Let i be a(6). Suppose 0 = -z - 6*j + j + 54, -z + j + 78 = i. Is z prime?
False
Let x(c) = c**3 - 3*c**2 + 8*c - 3. Let m = 6 - 0. Let w be x(m). Suppose 0*i - w = -3*i. Is i a prime number?
False
Is (-3 + (-33545)/15)*(-6)/4 a composite number?
False
Suppose -7*h - 10 = -2*h. Let p be 81/h*20/6. Let n = 290 + p. Is n a prime number?
False
Suppose 0 = 2*n - 2*f - 454, 2*n - 666 = -n - 2*f. Let h = n + -150. Is h a prime number?
False
Suppose 0*q + 24 = 4*q. Let v(j) = 1 + 4 - q - 170*j. Is v(-1) composite?
True
Let h = -538 - -785. Let y = h + -162. Is y a prime number?
False
Let d(h) = 45*h + 56. Is d(29) composite?
False
Let t be (-3 + -1)*6/(-8). Suppose 0 = o + t*o + 80. Let q = -1 - o. Is q a prime number?
True
Suppose -l = -2*t + 7, -3*l + 0*l = 2*t - 19. Suppose -2*z + 2*c + 34 = 0, 0 = -l*c - c - 16. Let u = -3 + z. Is u composite?
True
Suppose -94*q + 95*q - 4861 = 0. Is q composite?
False
Let n(f) = -f**2. Let z(k) = -5*k**2 + 2*k + 1. Let y(x) = -3*n(x) + z(x). Let c be y(3). Let p(r) = -2*r. Is p(c) a composite number?
True
Let m be -1 - (-4 + -1 + 1). Let o be (-1*m)/((-6)/424). Suppose 0*p = 4*p - o. Is p a prime number?
True
Let h = -16 - -9. Let t(k) = k + 8. Let v be t(h). Is 1*16 - (2 - v) composite?
True
Suppose 5*m - 19 = -2*r, -r - 28 = 3*m - 8*m. Let i be (-81)/(-45) + 1/m. Is 1 + (4 - 0) + i a prime number?
True
Suppose 2798 = 2*o - 0*o. Is o a prime number?
True
Suppose -3*d = 2*r - 9, 3*r + 0*d - 9 = -3*d. Let j be (-3 + 0)*20/(-12). Suppose -j*p + 38 + 32 = r. Is p prime?
False
Suppose -41 = -u - 2*p, -3*u + 2*p + 33 = -2*u. Is u composite?
False
Let x(c) = 31*c**2 + 6*c - 9. Is x(2) prime?
True
Let y be (-3 + 2 - 3)/(-1). Suppose -y*b + 9*b = 425. Is b composite?
True
Suppose -q = 4*m - 11, -3*q - 2*m + 5 = -4*m. Is -2 - (-9)/q - -66 prime?
True
Suppose 187 = -4*v + 695. Is v composite?
False
Let n(x) = 2*x**2 - 3*x**2 - 2*x + 0*x**3 + 12 - 9*x**2 + 2*x**3. Let z be n(8). Suppose 0 = -5*d + 2*k + z + 43, -4*d + 338 = -2*k. Is d composite?
True
Is (-3771)/18*(0 + -2) composite?
False
Suppose -6 = -5*q + 19. Suppose 0 = -q*h + 16 + 4, h = 4*u - 8. Suppose x = -u*t + 74, t + 0*t + 86 = x. Is x a composite number?
False
Suppose -5*s = -0*s - 5*w - 1280, 2*w - 265 = -s. Is s a prime number?
False
Let q(m) = -28*m + 17. Let d be (-3)/(-9) + (-19)/3. Is q(d) composite?
True
Suppose -2 = 4*h + 2. Let i(u) = 7*u**2 + u + 13*u**2 + u + 1. Is i(h) a prime number?
True
Suppose -2*a + 2246 = -108. Is a composite?
True
Let m(r) = -r**2 + 2*r - 1 + 5*r**2 + 5. Is m(3) prime?
False
Let g(h) = h**3 - 11*h**2 + 10*h + 5. Let x be g(10). Suppose x*q - q = 8, -w = 4*q - 79. Is w prime?
True
Suppose 5*b - 20 = -5*q, -5 = 3*q - 4*q - 2*b. Let o = -161 - -503. Suppose x - 2*x = -q*f + o, 2*f = -x + 223. Is f prime?
True
Suppose c + 2*c - 45 = 0. Is ((-410)/(-3))/(10/c) a composite number?
True
Let l = 5814 - 3377. Is l composite?
False
Let v = -881 + 532. Let n = -144 - v. Is n prime?
False
Suppose -4*h + 828 = -464. Is h a composite number?
True
Suppose 0*z - 50 = 3*s + 5*z, -2*z - 17 = s. Let r = 4 - s. Is r composite?
False
Let c(n) = -36*n**3 + 6*n**2 + 3*n + 2. Is c(-5) prime?
True
Let b = 16 + -9. Let y(n) = -n**3 + 8*n**2 - 11*n + 9. Let l be y(b). Let k = l - -56. Is k composite?
False
Suppose -2*x - 3*x - 2*f = -1055, x + f = 208. Is x prime?
False
Suppose 7*b = 6*b + 9. Is 6/(-9) - (-3579)/b a composite number?
False
Let v = 9 - 7. Suppose 2*l - 3*i = v, -3*l + i = 3*i + 10. Is (-41 - -4)*6/l a prime number?
False
Suppose 0 = -7*n - 1948 + 6477. Is n a composite number?
False
Let r = 10 + -5. Suppose 0*s = r*s. Suppose s = 2*i - 5*i + 138. Is i a composite number?
True
Let t(w) = w**3 + 2*w**2 - 2*w + 235. Is t(0) a prime number?
False
Suppose o = -1 + 3. Suppose -q + 5*f + 103 = 0, o*f + 57 - 400 = -3*q. Is q a composite number?
False
Suppose -z + 22 = 5*x, -z + 4*x = -4*z + 22. Suppose -c - 1 - z = 0. Let n = 6 + c. Is n a prime number?
True
Suppose 0*f = -f + 835. Suppose a + 4*a = f. Is a prime?
True
Let x(v) = -32*v + 1. Let k be -8 + 5/(15/9). Is x(k) a composite number?
True
Let j(a) = 3*a**3 - 5*a**2 + 4*a + 5. Is j(8) a composite number?
True
Let s = -4 + 8. Suppose -227 = -3*y + s. Let f = 168 - y. Is f composite?
True
Let p = -7 + 6. Is (1 - p)/((-8)/(-140)) a composite number?
True
Let p(q) be the second derivative of q**4 - q**3/2 - 2*q**2 - q. Is p(-3) a prime number?
True
Let l(a) = -262*a + 3. Is l(-1) composite?
True
Let m = 39 - -25. Let j = -21 + m. Is j a composite number?
False
Let p be -31*3*(-10 + 4). Suppose -487 = -5*c + p. Is c prime?
False
Is (1969 - -1) + 6 + -3 composite?
False
Suppose -2*j = -1633 - 1629. Is j composite?
True
Let o = -16165 - -32136. Is o a prime number?
True
Suppose 5*y - 2*y - 117 = 0. Is y - 0*1/(-3) a prime number?
False
Let j = -2 - -5. Suppose -3 = -n + 3*k, 0 = -n + j*n - 4*k - 8. Is n composite?
True
Suppose -2*q - 3*q + 955 = 0. Is q a prime number?
True
Let s be 1/((-2)/(-6)) - -6. Let k = s - 5. Suppose -3*m + 249 = k*i, 415 = 2*m + 3*m - i. Is m prime?
True
Is (-269)/(-4) - 1/4 a composite number?
False
Let j be ((-3 - -3)/(-2))/2. Suppose 16 = -2*u - j. Is (-2)/u + (-1521)/(-12) a prime number?
True
Let a(b) = -13*b**2 - 35*b + 28. Let i(d) = 3*d**2 + 9*d - 7. Let u(j) = -2*a(j) - 9*i(j). Is u(-8) a prime number?
True
Let w = 9 - 7. Suppose 3 = w*u - 7. Is 1/u + (-2896)/(-20) composite?
True
Let n = 148 + 116. Suppose s - n = -s. Let f = s + -13. Is f a prime number?
False
Suppose 2432 = -15*x + 18347. Is x a prime number?
True
Let z be (4 - 1)/((-3)/(-22)). Suppose -48 = -2*n - 2*n. Let g = z - n. Is g composite?
True
Suppose -4*h + 2*h + 8 = 0. Let b(s) = 12*s - 1. Is b(h) a prime number?
True
Let j(q) = q**2 + 6*q - 1. Suppose l + 0*l = -14. Is j(l) a composite number?
True
Suppose 0*f = 3*f + 6. Let m(w) = -41*w + 2. Let y be m(f). Let g = y - 35. Is g a prime number?
False
Let u(x) = -x**2 + 2 + 2 + 3*x + 0. Let p = -1 - -4. Is u(p) a prime number?
False
Let v = -18 + 11. Let f = v - -10. Is f prime?
True
Let u = 42 - -313. Is u a composite number?
True
Suppose -f = -3*m - 304, -m + 962 = 4*f - f. Is f a prime number?
False
Let k(o) = 18*o**2 - 4 - 6*o + o - 2*o**2. Is k(-3) prime?
False
Let w(z) = 4*z + 0 - 3 - 3*z. Let v be w(5). Suppose v*p - 19 = -7. Is p prime?
False
Let m be (-8)/28 + 46/14. Suppose 3*c - 3 = -3*f, m*c + 9 = 3*f - 6. Suppose b - 3*n + 0*n = 46, -2*b = -f*n - 83. Is b prime?
True
Suppose -13 = -4*u + 43. Is u a composite number?
True
Suppose -d - 12 = -84. Let u = d + 25. Is u prime?
True
Suppose 3*o + 413 = 32. Let j be (7 - 1) + (-18)/9. Is -1*(j + -3)*o prime?
True
Suppose 9*o - 1429 - 6572 = 0. Is o prime?
False
Let h be 1256/6 + (-2)/(-3). Is (6/5)/(12/h) a composite number?
True
Suppose -5*c - 3*s + 1088 = -0*c, 4*c - 5*s = 900. Suppose -3*r = r - c. Is r prime?
False
Suppose -3*h + 81 = -75. Suppose 0 = -2*p - 2*p + h. Is p a composite number?
False
Let x be 8/((-16)/(-4)) - -938. Suppose -2*b - x = -6*b. Is b prime?
False
Suppose -17 = -5*y + 8. Suppose z - y*z + 20 = 0. Suppose 0*t - 3*t + o + 5 = 0, -3*t - z*o = -11. Is t a composite number?
False
Let h = -5 + 9. Suppose -2*y = -4*x + 4, -h*y = -5*y + 4*x. Is ((-222)/y)/((-12)/(-16)) prime?
False
Let a be 836/6 - (-1)/(-3). Let t = -338 - -596. Let u = t - a. Is u composite?
True
Let c = 2045 - 1183. Is c a prime number?
False
Suppose 2*v + o + 28 = 0, -3*v - 31 = 5*o + 25. Is v/18 + (-64)/(-6) a prime number?
False
Let y be 0/(-1*(0 + 1)). Let w be (-5)/((y - 3) + 2). Let m(v) = v**3 - 3*v**2 - 4*v + 3. Is m(w) composite?
True
Let s(g) = 6*g**2 + 2*g + 29. Is s(-14) composite?
True
Suppose i - 114 - 69 = 5*q, -3*i = 4*q + 135. Let m = -51 - 11. Let k = q - m. Is k a prime number?
False
Suppose -2 = z + 3. Let q(m) = -